{"id":8,"date":"2016-02-08T14:57:15","date_gmt":"2016-02-08T13:57:15","guid":{"rendered":"https:\/\/www.alle-noten.de\/magazin\/?page_id=8"},"modified":"2025-10-08T11:47:43","modified_gmt":"2025-10-08T09:47:43","slug":"ueber-alle-noten-de","status":"publish","type":"page","link":"https:\/\/www.alle-noten.de\/magazin\/ueber-alle-noten-de\/","title":{"rendered":"\u00dcber alle-noten.de"},"content":{"rendered":"<p>Musiker, Lehrer, Ensembles, Vereine, Schulen, Hochschulen und Bibliotheken sch\u00e4tzen uns als zuverl\u00e4ssigen und kompetenten Ansprechpartner seit 1969. Unser umfassender Lagerbestand am Firmensitz in Feldafing versetzt uns in die Lage, Bestellungen vielfach schon innerhalb von 24 Stunden zu versenden.<\/p>\n<p>&nbsp;<\/p>\n<p>Unsere Kunden profitieren von dem exzellenten Netzwerk, das wir zu Verlagsh\u00e4usern in aller Welt aufgebaut haben. Schnelligkeit und umfassendes Angebot sind die St\u00e4rken, die wir mit unserem 15-k\u00f6pfigen Team in die Waagschale werfen.<\/p>\n<p>&nbsp;<\/p>\n<p>\u00dcber das Onlineportal alle-noten.de hinaus k\u00fcmmern wir uns auch pers\u00f6nlich um Ihre Fragen und Anregungen. Unsere Mitarbeiter stehen Ihnen daf\u00fcr mit ihrer als Diplommusiker, Musikwissenschaftler und Musikp\u00e4dagogen erworbenen Fachkompetenz zur Verf\u00fcgung.<\/p>\n<p>&nbsp;<\/p>\n<p>Erfahren Sie <a href=\"https:\/\/www.alle-noten.de\/Wir-ueber-uns\/\" target=\"_blank\" rel=\"noopener\">mehr<\/a> \u00fcber alle-noten.de und den Firmengr\u00fcnder <a href=\"https:\/\/www.alle-noten.de\/Kurt-Maas\/\" target=\"_blank\" rel=\"noopener\">Kurt Maas<\/a>.<\/p>\n","protected":false},"excerpt":{"rendered":"<p>Musiker, Lehrer, Ensembles, Vereine, Schulen, Hochschulen und Bibliotheken sch\u00e4tzen uns als zuverl\u00e4ssigen und kompetenten Ansprechpartner seit 1969. Unser umfassender Lagerbestand am Firmensitz in Feldafing versetzt uns in die Lage, Bestellungen vielfach schon innerhalb von 24 Stunden zu versenden. &nbsp; Unsere Kunden profitieren von dem exzellenten Netzwerk, das wir zu Verlagsh\u00e4usern in aller Welt aufgebaut haben. [&hellip;]<\/p>\n","protected":false},"author":1,"featured_media":429,"parent":0,"menu_order":1,"comment_status":"closed","ping_status":"closed","template":"","meta":{"footnotes":""},"class_list":["post-8","page","type-page","status-publish","has-post-thumbnail","hentry"],"yoast_head":"<!-- This site is optimized with the Yoast SEO plugin v27.2 - https:\/\/yoast.com\/product\/yoast-seo-wordpress\/ -->\n<title>\u00dcber alle-noten.de &#8211; alle-noten Magazin<\/title>\n<meta name=\"description\" content=\"\u00dcber 1.000.000 Noten aller Stilrichtungen in unserem Online Shop. Riesige Auswahl, portofrei ab \u20ac 35 (in D)! Kauf auf Rechnung \u00b7 sicher Einkaufen \u00b7 schnell &amp; g\u00fcnstig\" \/>\n<meta name=\"robots\" content=\"index, follow, max-snippet:-1, max-image-preview:large, max-video-preview:-1\" \/>\n<link rel=\"canonical\" href=\"https:\/\/www.alle-noten.de\/magazin\/ueber-alle-noten-de\/\" \/>\n<meta property=\"og:locale\" content=\"de_DE\" \/>\n<meta property=\"og:type\" content=\"article\" \/>\n<meta property=\"og:title\" content=\"\u00dcber alle-noten.de &#8211; alle-noten Magazin\" \/>\n<meta property=\"og:description\" content=\"\u00dcber 1.000.000 Noten aller Stilrichtungen in unserem Online Shop. Riesige Auswahl, portofrei ab \u20ac 35 (in D)! Kauf auf Rechnung \u00b7 sicher Einkaufen \u00b7 schnell &amp; g\u00fcnstig\" \/>\n<meta property=\"og:url\" content=\"https:\/\/www.alle-noten.de\/magazin\/ueber-alle-noten-de\/\" \/>\n<meta property=\"og:site_name\" content=\"alle-noten Magazin\" \/>\n<meta property=\"article:modified_time\" content=\"2025-10-08T09:47:43+00:00\" \/>\n<meta property=\"og:image\" content=\"https:\/\/www.alle-noten.de\/magazin\/wp-content\/uploads\/2016\/02\/Ueber-alle-Noten.jpg\" \/>\n\t<meta property=\"og:image:width\" content=\"640\" \/>\n\t<meta property=\"og:image:height\" content=\"400\" \/>\n\t<meta property=\"og:image:type\" content=\"image\/jpeg\" \/>\n<meta name=\"twitter:card\" content=\"summary_large_image\" \/>\n<meta name=\"twitter:label1\" content=\"Gesch\u00e4tzte Lesezeit\" \/>\n\t<meta name=\"twitter:data1\" content=\"1\u00a0Minute\" \/>\n<script type=\"application\/ld+json\" class=\"yoast-schema-graph\">{\"@context\":\"https:\/\/schema.org\",\"@graph\":[{\"@type\":\"WebPage\",\"@id\":\"https:\/\/www.alle-noten.de\/magazin\/ueber-alle-noten-de\/\",\"url\":\"https:\/\/www.alle-noten.de\/magazin\/ueber-alle-noten-de\/\",\"name\":\"\u00dcber alle-noten.de &#8211; alle-noten Magazin\",\"isPartOf\":{\"@id\":\"https:\/\/www.alle-noten.de\/magazin\/#website\"},\"primaryImageOfPage\":{\"@id\":\"https:\/\/www.alle-noten.de\/magazin\/ueber-alle-noten-de\/#primaryimage\"},\"image\":{\"@id\":\"https:\/\/www.alle-noten.de\/magazin\/ueber-alle-noten-de\/#primaryimage\"},\"thumbnailUrl\":\"https:\/\/www.alle-noten.de\/magazin\/wp-content\/uploads\/2016\/02\/Ueber-alle-Noten.jpg\",\"datePublished\":\"2016-02-08T13:57:15+00:00\",\"dateModified\":\"2025-10-08T09:47:43+00:00\",\"description\":\"\u00dcber 1.000.000 Noten aller Stilrichtungen in unserem Online Shop. Riesige Auswahl, portofrei ab \u20ac 35 (in D)! Kauf auf Rechnung \u00b7 sicher Einkaufen \u00b7 schnell & g\u00fcnstig\",\"breadcrumb\":{\"@id\":\"https:\/\/www.alle-noten.de\/magazin\/ueber-alle-noten-de\/#breadcrumb\"},\"inLanguage\":\"de\",\"potentialAction\":[{\"@type\":\"ReadAction\",\"target\":[\"https:\/\/www.alle-noten.de\/magazin\/ueber-alle-noten-de\/\"]}]},{\"@type\":\"ImageObject\",\"inLanguage\":\"de\",\"@id\":\"https:\/\/www.alle-noten.de\/magazin\/ueber-alle-noten-de\/#primaryimage\",\"url\":\"https:\/\/www.alle-noten.de\/magazin\/wp-content\/uploads\/2016\/02\/Ueber-alle-Noten.jpg\",\"contentUrl\":\"https:\/\/www.alle-noten.de\/magazin\/wp-content\/uploads\/2016\/02\/Ueber-alle-Noten.jpg\",\"width\":640,\"height\":400,\"caption\":\"Standort des Noten Online Shops\"},{\"@type\":\"BreadcrumbList\",\"@id\":\"https:\/\/www.alle-noten.de\/magazin\/ueber-alle-noten-de\/#breadcrumb\",\"itemListElement\":[{\"@type\":\"ListItem\",\"position\":1,\"name\":\"Home\",\"item\":\"https:\/\/www.alle-noten.de\/magazin\/\"},{\"@type\":\"ListItem\",\"position\":2,\"name\":\"\u00dcber alle-noten.de\"}]},{\"@type\":\"WebSite\",\"@id\":\"https:\/\/www.alle-noten.de\/magazin\/#website\",\"url\":\"https:\/\/www.alle-noten.de\/magazin\/\",\"name\":\"alle-noten Magazin\",\"description\":\"\",\"potentialAction\":[{\"@type\":\"SearchAction\",\"target\":{\"@type\":\"EntryPoint\",\"urlTemplate\":\"https:\/\/www.alle-noten.de\/magazin\/?s={search_term_string}\"},\"query-input\":{\"@type\":\"PropertyValueSpecification\",\"valueRequired\":true,\"valueName\":\"search_term_string\"}}],\"inLanguage\":\"de\"}]}<\/script>\n<!-- \/ Yoast SEO plugin. -->","yoast_head_json":{"title":"\u00dcber alle-noten.de &#8211; alle-noten Magazin","description":"\u00dcber 1.000.000 Noten aller Stilrichtungen in unserem Online Shop. Riesige Auswahl, portofrei ab \u20ac 35 (in D)! Kauf auf Rechnung \u00b7 sicher Einkaufen \u00b7 schnell & g\u00fcnstig","robots":{"index":"index","follow":"follow","max-snippet":"max-snippet:-1","max-image-preview":"max-image-preview:large","max-video-preview":"max-video-preview:-1"},"canonical":"https:\/\/www.alle-noten.de\/magazin\/ueber-alle-noten-de\/","og_locale":"de_DE","og_type":"article","og_title":"\u00dcber alle-noten.de &#8211; alle-noten Magazin","og_description":"\u00dcber 1.000.000 Noten aller Stilrichtungen in unserem Online Shop. Riesige Auswahl, portofrei ab \u20ac 35 (in D)! Kauf auf Rechnung \u00b7 sicher Einkaufen \u00b7 schnell & g\u00fcnstig","og_url":"https:\/\/www.alle-noten.de\/magazin\/ueber-alle-noten-de\/","og_site_name":"alle-noten Magazin","article_modified_time":"2025-10-08T09:47:43+00:00","og_image":[{"width":640,"height":400,"url":"https:\/\/www.alle-noten.de\/magazin\/wp-content\/uploads\/2016\/02\/Ueber-alle-Noten.jpg","type":"image\/jpeg"}],"twitter_card":"summary_large_image","twitter_misc":{"Gesch\u00e4tzte Lesezeit":"1\u00a0Minute"},"schema":{"@context":"https:\/\/schema.org","@graph":[{"@type":"WebPage","@id":"https:\/\/www.alle-noten.de\/magazin\/ueber-alle-noten-de\/","url":"https:\/\/www.alle-noten.de\/magazin\/ueber-alle-noten-de\/","name":"\u00dcber alle-noten.de &#8211; alle-noten Magazin","isPartOf":{"@id":"https:\/\/www.alle-noten.de\/magazin\/#website"},"primaryImageOfPage":{"@id":"https:\/\/www.alle-noten.de\/magazin\/ueber-alle-noten-de\/#primaryimage"},"image":{"@id":"https:\/\/www.alle-noten.de\/magazin\/ueber-alle-noten-de\/#primaryimage"},"thumbnailUrl":"https:\/\/www.alle-noten.de\/magazin\/wp-content\/uploads\/2016\/02\/Ueber-alle-Noten.jpg","datePublished":"2016-02-08T13:57:15+00:00","dateModified":"2025-10-08T09:47:43+00:00","description":"\u00dcber 1.000.000 Noten aller Stilrichtungen in unserem Online Shop. Riesige Auswahl, portofrei ab \u20ac 35 (in D)! Kauf auf Rechnung \u00b7 sicher Einkaufen \u00b7 schnell & g\u00fcnstig","breadcrumb":{"@id":"https:\/\/www.alle-noten.de\/magazin\/ueber-alle-noten-de\/#breadcrumb"},"inLanguage":"de","potentialAction":[{"@type":"ReadAction","target":["https:\/\/www.alle-noten.de\/magazin\/ueber-alle-noten-de\/"]}]},{"@type":"ImageObject","inLanguage":"de","@id":"https:\/\/www.alle-noten.de\/magazin\/ueber-alle-noten-de\/#primaryimage","url":"https:\/\/www.alle-noten.de\/magazin\/wp-content\/uploads\/2016\/02\/Ueber-alle-Noten.jpg","contentUrl":"https:\/\/www.alle-noten.de\/magazin\/wp-content\/uploads\/2016\/02\/Ueber-alle-Noten.jpg","width":640,"height":400,"caption":"Standort des Noten Online Shops"},{"@type":"BreadcrumbList","@id":"https:\/\/www.alle-noten.de\/magazin\/ueber-alle-noten-de\/#breadcrumb","itemListElement":[{"@type":"ListItem","position":1,"name":"Home","item":"https:\/\/www.alle-noten.de\/magazin\/"},{"@type":"ListItem","position":2,"name":"\u00dcber alle-noten.de"}]},{"@type":"WebSite","@id":"https:\/\/www.alle-noten.de\/magazin\/#website","url":"https:\/\/www.alle-noten.de\/magazin\/","name":"alle-noten Magazin","description":"","potentialAction":[{"@type":"SearchAction","target":{"@type":"EntryPoint","urlTemplate":"https:\/\/www.alle-noten.de\/magazin\/?s={search_term_string}"},"query-input":{"@type":"PropertyValueSpecification","valueRequired":true,"valueName":"search_term_string"}}],"inLanguage":"de"}]}},"publishpress_future_action":{"enabled":false,"date":"2026-04-18 16:05:06","action":"change-status","newStatus":"draft","terms":[],"taxonomy":"","extraData":[]},"publishpress_future_workflow_manual_trigger":{"enabledWorkflows":[]},"_links":{"self":[{"href":"https:\/\/www.alle-noten.de\/magazin\/wp-json\/wp\/v2\/pages\/8","targetHints":{"allow":["GET"]}}],"collection":[{"href":"https:\/\/www.alle-noten.de\/magazin\/wp-json\/wp\/v2\/pages"}],"about":[{"href":"https:\/\/www.alle-noten.de\/magazin\/wp-json\/wp\/v2\/types\/page"}],"author":[{"embeddable":true,"href":"https:\/\/www.alle-noten.de\/magazin\/wp-json\/wp\/v2\/users\/1"}],"replies":[{"embeddable":true,"href":"https:\/\/www.alle-noten.de\/magazin\/wp-json\/wp\/v2\/comments?post=8"}],"version-history":[{"count":11,"href":"https:\/\/www.alle-noten.de\/magazin\/wp-json\/wp\/v2\/pages\/8\/revisions"}],"predecessor-version":[{"id":3343,"href":"https:\/\/www.alle-noten.de\/magazin\/wp-json\/wp\/v2\/pages\/8\/revisions\/3343"}],"wp:featuredmedia":[{"embeddable":true,"href":"https:\/\/www.alle-noten.de\/magazin\/wp-json\/wp\/v2\/media\/429"}],"wp:attachment":[{"href":"https:\/\/www.alle-noten.de\/magazin\/wp-json\/wp\/v2\/media?parent=8"}],"curies":[{"name":"wp","href":"https:\/\/api.w.org\/{rel}","templated":true}]}}